{"id":817,"date":"2025-12-14T13:56:10","date_gmt":"2025-12-14T12:56:10","guid":{"rendered":"https:\/\/vivreensemblecheznous.fr\/?page_id=817"},"modified":"2025-12-14T18:07:58","modified_gmt":"2025-12-14T17:07:58","slug":"elementor-817","status":"publish","type":"page","link":"https:\/\/vivreensemblecheznous.fr\/index.php\/elementor-817\/","title":{"rendered":"Agir avec Nous"},"content":{"rendered":"\t\t<div data-elementor-type=\"wp-page\" data-elementor-id=\"817\" class=\"elementor elementor-817\">\n\t\t\t\t<div class=\"elementor-element elementor-element-4c7f4687 e-flex e-con-boxed e-con e-parent\" data-id=\"4c7f4687\" data-element_type=\"container\" data-settings=\"{&quot;background_background&quot;:&quot;classic&quot;}\">\n\t\t\t\t\t<div class=\"e-con-inner\">\n\t\t\t\t<div class=\"elementor-element elementor-element-1d6b9a4 elementor-widget elementor-widget-heading\" data-id=\"1d6b9a4\" data-element_type=\"widget\" data-widget_type=\"heading.default\">\n\t\t\t\t<div class=\"elementor-widget-container\">\n\t\t\t\t\t<h2 class=\"elementor-heading-title elementor-size-default\">Agir avec Nous<\/h2>\t\t\t\t<\/div>\n\t\t\t\t<\/div>\n\t\t\t\t\t<\/div>\n\t\t\t\t<\/div>\n\t\t<div class=\"elementor-element elementor-element-3d9e256c e-flex e-con-boxed e-con e-parent\" data-id=\"3d9e256c\" data-element_type=\"container\">\n\t\t\t\t\t<div class=\"e-con-inner\">\n\t\t\t\t<div class=\"elementor-element elementor-element-504950d1 elementor-widget elementor-widget-spacer\" data-id=\"504950d1\" data-element_type=\"widget\" data-widget_type=\"spacer.default\">\n\t\t\t\t<div class=\"elementor-widget-container\">\n\t\t\t\t\t\t\t<div class=\"elementor-spacer\">\n\t\t\t<div class=\"elementor-spacer-inner\"><\/div>\n\t\t<\/div>\n\t\t\t\t\t\t<\/div>\n\t\t\t\t<\/div>\n\t\t\t\t<div class=\"elementor-element elementor-element-15fd7b5f elementor-widget elementor-widget-heading\" data-id=\"15fd7b5f\" data-element_type=\"widget\" data-widget_type=\"heading.default\">\n\t\t\t\t<div class=\"elementor-widget-container\">\n\t\t\t\t\t<h2 class=\"elementor-heading-title elementor-size-default\">Comment nous aider ? <\/h2>\t\t\t\t<\/div>\n\t\t\t\t<\/div>\n\t\t\t\t\t<\/div>\n\t\t\t\t<\/div>\n\t\t<div class=\"elementor-element elementor-element-beac8fe e-flex e-con-boxed e-con e-parent\" data-id=\"beac8fe\" data-element_type=\"container\">\n\t\t\t\t\t<div class=\"e-con-inner\">\n\t\t<div class=\"elementor-element elementor-element-1efc818 e-con-full e-flex e-con e-child\" data-id=\"1efc818\" data-element_type=\"container\">\n\t\t<div class=\"elementor-element elementor-element-5fa3b08 e-con-full e-flex e-con e-child\" data-id=\"5fa3b08\" data-element_type=\"container\" data-settings=\"{&quot;background_background&quot;:&quot;classic&quot;}\">\n\t\t\t\t<div class=\"elementor-element elementor-element-68a2042 elementor-widget elementor-widget-heading\" data-id=\"68a2042\" data-element_type=\"widget\" data-widget_type=\"heading.default\">\n\t\t\t\t<div class=\"elementor-widget-container\">\n\t\t\t\t\t<h2 class=\"elementor-heading-title elementor-size-default\">DEVENIR B\u00c9N\u00c9VOLE<\/h2>\t\t\t\t<\/div>\n\t\t\t\t<\/div>\n\t\t\t\t<div class=\"elementor-element elementor-element-979371b elementor-widget elementor-widget-image\" data-id=\"979371b\" data-element_type=\"widget\" data-widget_type=\"image.default\">\n\t\t\t\t<div class=\"elementor-widget-container\">\n\t\t\t\t\t\t\t\t\t\t\t\t\t\t\t<img decoding=\"async\" src=\"https:\/\/vivreensemblecheznous.fr\/wp-content\/uploads\/elementor\/thumbs\/1743932584978-e1765716275376-rg58jm0fzoq9787fuld0cs22ghun7lt5ojw3f5aqgg.jpg\" title=\"1743932584978\" alt=\"1743932584978\" loading=\"lazy\" \/>\t\t\t\t\t\t\t\t\t\t\t\t\t\t\t<\/div>\n\t\t\t\t<\/div>\n\t\t\t\t<div class=\"elementor-element elementor-element-4f43b08 elementor-widget elementor-widget-text-editor\" data-id=\"4f43b08\" data-element_type=\"widget\" data-widget_type=\"text-editor.default\">\n\t\t\t\t<div class=\"elementor-widget-container\">\n\t\t\t\t\t\t\t\t\t<p class=\"cvGsUA direction-ltr align-center para-style-body\"><span class=\"a_GcMg font-feature-liga-off font-feature-clig-off font-feature-calt-off text-decoration-none text-strikethrough-none\">Vous souhaitez rejoindre Vivre Ensemble Chez Nous et agir \u00e0 nos c\u00f4t\u00e9s ?<\/span><\/p><p class=\"cvGsUA direction-ltr align-center para-style-body\"><span class=\"a_GcMg font-feature-liga-off font-feature-clig-off font-feature-calt-off text-decoration-none text-strikethrough-none\">Si vous avez envie de vous engager pour cr\u00e9er du lien, soutenir les personnes isol\u00e9es et participer \u00e0 nos actions locales, il vous suffit de remplir notre formulaire d\u2019adh\u00e9sion. En tant que b\u00e9n\u00e9vole, vous pourrez prendre part \u00e0 nos ateliers, \u00e9v\u00e9nements et projets solidaires men\u00e9s au c\u0153ur du territoire.<\/span><\/p>\t\t\t\t\t\t\t\t<\/div>\n\t\t\t\t<\/div>\n\t\t\t\t<div class=\"elementor-element elementor-element-2956acf elementor-align-center elementor-widget elementor-widget-button\" data-id=\"2956acf\" data-element_type=\"widget\" data-widget_type=\"button.default\">\n\t\t\t\t<div class=\"elementor-widget-container\">\n\t\t\t\t\t\t\t\t\t<div class=\"elementor-button-wrapper\">\n\t\t\t\t\t<a class=\"elementor-button elementor-button-link elementor-size-sm\" href=\"mailto:vivreensemblecheznous@gmail.com\">\n\t\t\t\t\t\t<span class=\"elementor-button-content-wrapper\">\n\t\t\t\t\t\t\t\t\t<span class=\"elementor-button-text\">Je deviens b\u00e9n\u00e9vole<\/span>\n\t\t\t\t\t<\/span>\n\t\t\t\t\t<\/a>\n\t\t\t\t<\/div>\n\t\t\t\t\t\t\t\t<\/div>\n\t\t\t\t<\/div>\n\t\t\t\t<\/div>\n\t\t\t\t<\/div>\n\t\t<div class=\"elementor-element elementor-element-3d8ba9b e-con-full e-flex e-con e-child\" data-id=\"3d8ba9b\" data-element_type=\"container\">\n\t\t<div class=\"elementor-element elementor-element-a14fa65 e-con-full e-flex e-con e-child\" data-id=\"a14fa65\" data-element_type=\"container\" data-settings=\"{&quot;background_background&quot;:&quot;classic&quot;}\">\n\t\t\t\t<div class=\"elementor-element elementor-element-4688b1f elementor-widget elementor-widget-heading\" data-id=\"4688b1f\" data-element_type=\"widget\" data-widget_type=\"heading.default\">\n\t\t\t\t<div class=\"elementor-widget-container\">\n\t\t\t\t\t<h2 class=\"elementor-heading-title elementor-size-default\">FAIRE UN DON<\/h2>\t\t\t\t<\/div>\n\t\t\t\t<\/div>\n\t\t\t\t<div class=\"elementor-element elementor-element-d64abab elementor-widget elementor-widget-image\" data-id=\"d64abab\" data-element_type=\"widget\" data-widget_type=\"image.default\">\n\t\t\t\t<div class=\"elementor-widget-container\">\n\t\t\t\t\t\t\t\t\t\t\t\t\t\t\t<img decoding=\"async\" src=\"https:\/\/vivreensemblecheznous.fr\/wp-content\/uploads\/elementor\/thumbs\/IMG-20250927-WA0018-rg58sa2v0olg9rm58c95clb3of4i7481jghar0g12o.jpg\" title=\"IMG-20250927-WA0018\" alt=\"IMG-20250927-WA0018\" loading=\"lazy\" \/>\t\t\t\t\t\t\t\t\t\t\t\t\t\t\t<\/div>\n\t\t\t\t<\/div>\n\t\t\t\t<div class=\"elementor-element elementor-element-fcb6da4 elementor-widget elementor-widget-text-editor\" data-id=\"fcb6da4\" data-element_type=\"widget\" data-widget_type=\"text-editor.default\">\n\t\t\t\t<div class=\"elementor-widget-container\">\n\t\t\t\t\t\t\t\t\t<p class=\"cvGsUA direction-ltr align-center para-style-body\"><span class=\"a_GcMg font-feature-liga-off font-feature-clig-off font-feature-calt-off text-decoration-none text-strikethrough-none\">Vous pouvez soutenir Vivre Ensemble Chez Nous par un don du montant de votre choix, ponctuel ou mensuel. L\u2019essentiel de votre contribution est directement consacr\u00e9 \u00e0 nos actions locales pour lutter contre l\u2019isolement, favoriser l\u2019inclusion et accompagner les personnes fragilis\u00e9es. Vos dons sont d\u00e9fiscalisables \u00e0 66 %.<\/span><\/p><p class=\"cvGsUA direction-ltr align-center para-style-body\"><span class=\"a_GcMg font-feature-liga-off font-feature-clig-off font-feature-calt-off text-decoration-none text-strikethrough-none\">Vous pouvez \u00e9galement effectuer un don par ch\u00e8que, \u00e0 l\u2019ordre de \u201cVivre Ensemble, Chez Nous\u201d, et l\u2019envoyer au 41 rue Jean Pr\u00e9vost, 76110 Goderville.<\/span><\/p>\t\t\t\t\t\t\t\t<\/div>\n\t\t\t\t<\/div>\n\t\t\t\t<div class=\"elementor-element elementor-element-e330e71 elementor-align-center elementor-widget elementor-widget-button\" data-id=\"e330e71\" data-element_type=\"widget\" data-widget_type=\"button.default\">\n\t\t\t\t<div class=\"elementor-widget-container\">\n\t\t\t\t\t\t\t\t\t<div class=\"elementor-button-wrapper\">\n\t\t\t\t\t<a class=\"elementor-button elementor-button-link elementor-size-sm\" href=\"https:\/\/www.helloasso.com\/associations\/vivre-ensemble-chez-nous\">\n\t\t\t\t\t\t<span class=\"elementor-button-content-wrapper\">\n\t\t\t\t\t\t\t\t\t<span class=\"elementor-button-text\">Je fais un don<\/span>\n\t\t\t\t\t<\/span>\n\t\t\t\t\t<\/a>\n\t\t\t\t<\/div>\n\t\t\t\t\t\t\t\t<\/div>\n\t\t\t\t<\/div>\n\t\t\t\t<\/div>\n\t\t\t\t<\/div>\n\t\t\t\t\t<\/div>\n\t\t\t\t<\/div>\n\t\t<div class=\"elementor-element elementor-element-83d0751 e-flex e-con-boxed e-con e-parent\" data-id=\"83d0751\" data-element_type=\"container\">\n\t\t\t\t\t<div class=\"e-con-inner\">\n\t\t<div class=\"elementor-element elementor-element-47b56c1 e-con-full e-flex e-con e-child\" data-id=\"47b56c1\" data-element_type=\"container\">\n\t\t<div class=\"elementor-element elementor-element-6953724 e-con-full e-flex e-con e-child\" data-id=\"6953724\" data-element_type=\"container\" data-settings=\"{&quot;background_background&quot;:&quot;classic&quot;}\">\n\t\t\t\t<div class=\"elementor-element elementor-element-2b0e7d4 elementor-widget elementor-widget-heading\" data-id=\"2b0e7d4\" data-element_type=\"widget\" data-widget_type=\"heading.default\">\n\t\t\t\t<div class=\"elementor-widget-container\">\n\t\t\t\t\t<h2 class=\"elementor-heading-title elementor-size-default\">PROJET SCOLAIRE<\/h2>\t\t\t\t<\/div>\n\t\t\t\t<\/div>\n\t\t\t\t<div class=\"elementor-element elementor-element-e9a68c0 elementor-widget elementor-widget-image\" data-id=\"e9a68c0\" data-element_type=\"widget\" data-widget_type=\"image.default\">\n\t\t\t\t<div class=\"elementor-widget-container\">\n\t\t\t\t\t\t\t\t\t\t\t\t\t\t\t<img decoding=\"async\" src=\"https:\/\/vivreensemblecheznous.fr\/wp-content\/uploads\/elementor\/thumbs\/3-e1765716841202-rg58ye13fwyjqiqnjzbuk1syol0e8ah8dp4x1rdwmo.jpg\" title=\"3\" alt=\"3\" loading=\"lazy\" \/>\t\t\t\t\t\t\t\t\t\t\t\t\t\t\t<\/div>\n\t\t\t\t<\/div>\n\t\t\t\t<div class=\"elementor-element elementor-element-dc95331 elementor-widget elementor-widget-text-editor\" data-id=\"dc95331\" data-element_type=\"widget\" data-widget_type=\"text-editor.default\">\n\t\t\t\t<div class=\"elementor-widget-container\">\n\t\t\t\t\t\t\t\t\t<p class=\"cvGsUA direction-ltr align-center para-style-body\"><span class=\"a_GcMg font-feature-liga-off font-feature-clig-off font-feature-calt-off text-decoration-none text-strikethrough-none\">Vous \u00eates enseignant, directeur d\u2019\u00e9tablissement ou membre d\u2019une \u00e9quipe \u00e9ducative ? Merci pour votre engagement. Avec vos \u00e9l\u00e8ves, vous pouvez organiser un projet solidaire au sein de la Maison Fuchsia : ateliers cr\u00e9atifs, actions interg\u00e9n\u00e9rationnelles, vente de g\u00e2teaux, collecte de livres, ou tout autre initiative au profit de Vivre Ensemble Chez Nous.<\/span><\/p><p class=\"cvGsUA direction-ltr align-center para-style-body\"><span class=\"a_GcMg font-feature-liga-off font-feature-clig-off font-feature-calt-off text-decoration-none text-strikethrough-none\">Ces projets permettent aux \u00e9l\u00e8ves de s\u2019impliquer concr\u00e8tement dans la solidarit\u00e9 locale.<\/span><\/p>\t\t\t\t\t\t\t\t<\/div>\n\t\t\t\t<\/div>\n\t\t\t\t<div class=\"elementor-element elementor-element-ef3a7e0 elementor-align-center elementor-widget elementor-widget-button\" data-id=\"ef3a7e0\" data-element_type=\"widget\" data-widget_type=\"button.default\">\n\t\t\t\t<div class=\"elementor-widget-container\">\n\t\t\t\t\t\t\t\t\t<div class=\"elementor-button-wrapper\">\n\t\t\t\t\t<a class=\"elementor-button elementor-button-link elementor-size-sm\" href=\"mailto:vivreensemblecheznous@gmail.com\">\n\t\t\t\t\t\t<span class=\"elementor-button-content-wrapper\">\n\t\t\t\t\t\t\t\t\t<span class=\"elementor-button-text\">Organiser un projet<\/span>\n\t\t\t\t\t<\/span>\n\t\t\t\t\t<\/a>\n\t\t\t\t<\/div>\n\t\t\t\t\t\t\t\t<\/div>\n\t\t\t\t<\/div>\n\t\t\t\t<\/div>\n\t\t\t\t<\/div>\n\t\t<div class=\"elementor-element elementor-element-1d546af e-con-full e-flex e-con e-child\" data-id=\"1d546af\" data-element_type=\"container\">\n\t\t<div class=\"elementor-element elementor-element-b8d7401 e-con-full e-flex e-con e-child\" data-id=\"b8d7401\" data-element_type=\"container\" data-settings=\"{&quot;background_background&quot;:&quot;classic&quot;}\">\n\t\t\t\t<div class=\"elementor-element elementor-element-f2c57fd elementor-widget elementor-widget-heading\" data-id=\"f2c57fd\" data-element_type=\"widget\" data-widget_type=\"heading.default\">\n\t\t\t\t<div class=\"elementor-widget-container\">\n\t\t\t\t\t<h2 class=\"elementor-heading-title elementor-size-default\">PROJET ENTREPRISE<\/h2>\t\t\t\t<\/div>\n\t\t\t\t<\/div>\n\t\t\t\t<div class=\"elementor-element elementor-element-49bb29d elementor-widget elementor-widget-image\" data-id=\"49bb29d\" data-element_type=\"widget\" data-widget_type=\"image.default\">\n\t\t\t\t<div class=\"elementor-widget-container\">\n\t\t\t\t\t\t\t\t\t\t\t\t\t\t\t<img fetchpriority=\"high\" decoding=\"async\" width=\"877\" height=\"475\" src=\"https:\/\/vivreensemblecheznous.fr\/wp-content\/uploads\/2025\/12\/Screenshot_2025-09-12-13-35-34-774_com.google.android.apps_.messaging-edit-1-e1765717065454.jpg\" class=\"attachment-full size-full wp-image-824\" alt=\"\" srcset=\"https:\/\/vivreensemblecheznous.fr\/wp-content\/uploads\/2025\/12\/Screenshot_2025-09-12-13-35-34-774_com.google.android.apps_.messaging-edit-1-e1765717065454.jpg 877w, https:\/\/vivreensemblecheznous.fr\/wp-content\/uploads\/2025\/12\/Screenshot_2025-09-12-13-35-34-774_com.google.android.apps_.messaging-edit-1-e1765717065454-300x162.jpg 300w, https:\/\/vivreensemblecheznous.fr\/wp-content\/uploads\/2025\/12\/Screenshot_2025-09-12-13-35-34-774_com.google.android.apps_.messaging-edit-1-e1765717065454-768x416.jpg 768w\" sizes=\"(max-width: 877px) 100vw, 877px\" \/>\t\t\t\t\t\t\t\t\t\t\t\t\t\t\t<\/div>\n\t\t\t\t<\/div>\n\t\t\t\t<div class=\"elementor-element elementor-element-ced15ae elementor-widget elementor-widget-text-editor\" data-id=\"ced15ae\" data-element_type=\"widget\" data-widget_type=\"text-editor.default\">\n\t\t\t\t<div class=\"elementor-widget-container\">\n\t\t\t\t\t\t\t\t\t<p class=\"cvGsUA direction-ltr align-center para-style-body\"><span class=\"a_GcMg font-feature-liga-off font-feature-clig-off font-feature-calt-off text-decoration-none text-strikethrough-none\">Vous \u00eates une entreprise, un commerce ou une organisation engag\u00e9e sur votre territoire ? Vous pouvez soutenir Vivre Ensemble Chez Nous en organisant un projet solidaire au sein de la Maison Fuchsia ou de vos locaux : collecte interne, atelier interg\u00e9n\u00e9rationnel, journ\u00e9e de b\u00e9n\u00e9volat, \u00e9v\u00e9nement caritatif, ou mobilisation de vos \u00e9quipes autour d\u2019une action commune.<\/span><\/p><p class=\"cvGsUA direction-ltr align-center para-style-body\"><span class=\"a_GcMg font-feature-liga-off font-feature-clig-off font-feature-calt-off text-decoration-none text-strikethrough-none\">Ces initiatives renforcent votre ancrage local, f\u00e9d\u00e8rent vos collaborateurs et contribuent directement \u00e0 nos actions.<\/span><\/p>\t\t\t\t\t\t\t\t<\/div>\n\t\t\t\t<\/div>\n\t\t\t\t<div class=\"elementor-element elementor-element-ec1ebb2 elementor-align-center elementor-widget elementor-widget-button\" data-id=\"ec1ebb2\" data-element_type=\"widget\" data-widget_type=\"button.default\">\n\t\t\t\t<div class=\"elementor-widget-container\">\n\t\t\t\t\t\t\t\t\t<div class=\"elementor-button-wrapper\">\n\t\t\t\t\t<a class=\"elementor-button elementor-button-link elementor-size-sm\" href=\"mailto:vivreensemblecheznous@gmail.com\">\n\t\t\t\t\t\t<span class=\"elementor-button-content-wrapper\">\n\t\t\t\t\t\t\t\t\t<span class=\"elementor-button-text\">Organiser un projet<\/span>\n\t\t\t\t\t<\/span>\n\t\t\t\t\t<\/a>\n\t\t\t\t<\/div>\n\t\t\t\t\t\t\t\t<\/div>\n\t\t\t\t<\/div>\n\t\t\t\t<\/div>\n\t\t\t\t<\/div>\n\t\t\t\t\t<\/div>\n\t\t\t\t<\/div>\n\t\t<div class=\"elementor-element elementor-element-171f05ba e-flex e-con-boxed e-con e-parent\" data-id=\"171f05ba\" data-element_type=\"container\">\n\t\t\t\t\t<div class=\"e-con-inner\">\n\t\t<div class=\"elementor-element elementor-element-70e05ad8 e-con-full e-flex e-con e-child\" data-id=\"70e05ad8\" data-element_type=\"container\">\n\t\t\t\t<div class=\"elementor-element elementor-element-675a5166 elementor-widget__width-initial elementor-widget elementor-widget-image\" data-id=\"675a5166\" data-element_type=\"widget\" data-widget_type=\"image.default\">\n\t\t\t\t<div class=\"elementor-widget-container\">\n\t\t\t\t\t\t\t\t\t\t\t\t\t\t\t<img decoding=\"async\" width=\"800\" height=\"800\" src=\"https:\/\/vivreensemblecheznous.fr\/wp-content\/uploads\/2025\/12\/cropped-cropped-ChatGPT-Image-14-dec.-2025-a-09_46_25.png\" class=\"attachment-large size-large wp-image-763\" alt=\"\" srcset=\"https:\/\/vivreensemblecheznous.fr\/wp-content\/uploads\/2025\/12\/cropped-cropped-ChatGPT-Image-14-dec.-2025-a-09_46_25.png 1023w, https:\/\/vivreensemblecheznous.fr\/wp-content\/uploads\/2025\/12\/cropped-cropped-ChatGPT-Image-14-dec.-2025-a-09_46_25-300x300.png 300w, https:\/\/vivreensemblecheznous.fr\/wp-content\/uploads\/2025\/12\/cropped-cropped-ChatGPT-Image-14-dec.-2025-a-09_46_25-150x150.png 150w, https:\/\/vivreensemblecheznous.fr\/wp-content\/uploads\/2025\/12\/cropped-cropped-ChatGPT-Image-14-dec.-2025-a-09_46_25-768x768.png 768w\" sizes=\"(max-width: 800px) 100vw, 800px\" \/>\t\t\t\t\t\t\t\t\t\t\t\t\t\t\t<\/div>\n\t\t\t\t<\/div>\n\t\t\t\t<div class=\"elementor-element elementor-element-a615f0e elementor-widget elementor-widget-text-editor\" data-id=\"a615f0e\" data-element_type=\"widget\" data-widget_type=\"text-editor.default\">\n\t\t\t\t<div class=\"elementor-widget-container\">\n\t\t\t\t\t\t\t\t\t<p class=\"cvGsUA direction-ltr align-justify para-style-body\"><span class=\"a_GcMg font-feature-liga-off font-feature-clig-off font-feature-calt-off text-decoration-none text-strikethrough-none\">Association Vivre Ensemble Chez Nous<\/span><\/p><p class=\"cvGsUA direction-ltr align-justify para-style-body\"><span class=\"a_GcMg font-feature-liga-off font-feature-clig-off font-feature-calt-off text-decoration-none text-strikethrough-none\">41 Rue Jean Pr\u00e9vost<\/span><\/p><p class=\"cvGsUA direction-ltr align-justify para-style-body\"><span class=\"a_GcMg font-feature-liga-off font-feature-clig-off font-feature-calt-off text-decoration-none text-strikethrough-none\">76110 Goderville<\/span><\/p>\t\t\t\t\t\t\t\t<\/div>\n\t\t\t\t<\/div>\n\t\t\t\t<\/div>\n\t\t<div class=\"elementor-element elementor-element-7004604f e-con-full e-flex e-con e-child\" data-id=\"7004604f\" data-element_type=\"container\">\n\t\t\t\t<\/div>\n\t\t<div class=\"elementor-element elementor-element-52743d25 e-con-full e-flex e-con e-child\" data-id=\"52743d25\" data-element_type=\"container\">\n\t\t\t\t<\/div>\n\t\t<div class=\"elementor-element elementor-element-4e9669f4 e-con-full e-flex e-con e-child\" data-id=\"4e9669f4\" data-element_type=\"container\">\n\t\t\t\t<div class=\"elementor-element elementor-element-24a54dba elementor-shape-rounded elementor-grid-0 e-grid-align-center elementor-widget elementor-widget-social-icons\" data-id=\"24a54dba\" data-element_type=\"widget\" data-widget_type=\"social-icons.default\">\n\t\t\t\t<div class=\"elementor-widget-container\">\n\t\t\t\t\t\t\t<div class=\"elementor-social-icons-wrapper elementor-grid\">\n\t\t\t\t\t\t\t<span class=\"elementor-grid-item\">\n\t\t\t\t\t<a class=\"elementor-icon elementor-social-icon elementor-social-icon-facebook elementor-repeater-item-7cabc0e\" href=\"https:\/\/www.facebook.com\/profile.php?id=61568842614771\" target=\"_blank\">\n\t\t\t\t\t\t<span class=\"elementor-screen-only\">Facebook<\/span>\n\t\t\t\t\t\t<svg class=\"e-font-icon-svg e-fab-facebook\" viewBox=\"0 0 512 512\" xmlns=\"http:\/\/www.w3.org\/2000\/svg\"><path d=\"M504 256C504 119 393 8 256 8S8 119 8 256c0 123.78 90.69 226.38 209.25 245V327.69h-63V256h63v-54.64c0-62.15 37-96.48 93.67-96.48 27.14 0 55.52 4.84 55.52 4.84v61h-31.28c-30.8 0-40.41 19.12-40.41 38.73V256h68.78l-11 71.69h-57.78V501C413.31 482.38 504 379.78 504 256z\"><\/path><\/svg>\t\t\t\t\t<\/a>\n\t\t\t\t<\/span>\n\t\t\t\t\t\t\t<span class=\"elementor-grid-item\">\n\t\t\t\t\t<a class=\"elementor-icon elementor-social-icon elementor-social-icon-instagram elementor-repeater-item-c9f4aec\" href=\"https:\/\/www.instagram.com\/vivreensemblecheznous\/\" target=\"_blank\">\n\t\t\t\t\t\t<span class=\"elementor-screen-only\">Instagram<\/span>\n\t\t\t\t\t\t<svg class=\"e-font-icon-svg e-fab-instagram\" viewBox=\"0 0 448 512\" xmlns=\"http:\/\/www.w3.org\/2000\/svg\"><path d=\"M224.1 141c-63.6 0-114.9 51.3-114.9 114.9s51.3 114.9 114.9 114.9S339 319.5 339 255.9 287.7 141 224.1 141zm0 189.6c-41.1 0-74.7-33.5-74.7-74.7s33.5-74.7 74.7-74.7 74.7 33.5 74.7 74.7-33.6 74.7-74.7 74.7zm146.4-194.3c0 14.9-12 26.8-26.8 26.8-14.9 0-26.8-12-26.8-26.8s12-26.8 26.8-26.8 26.8 12 26.8 26.8zm76.1 27.2c-1.7-35.9-9.9-67.7-36.2-93.9-26.2-26.2-58-34.4-93.9-36.2-37-2.1-147.9-2.1-184.9 0-35.8 1.7-67.6 9.9-93.9 36.1s-34.4 58-36.2 93.9c-2.1 37-2.1 147.9 0 184.9 1.7 35.9 9.9 67.7 36.2 93.9s58 34.4 93.9 36.2c37 2.1 147.9 2.1 184.9 0 35.9-1.7 67.7-9.9 93.9-36.2 26.2-26.2 34.4-58 36.2-93.9 2.1-37 2.1-147.8 0-184.8zM398.8 388c-7.8 19.6-22.9 34.7-42.6 42.6-29.5 11.7-99.5 9-132.1 9s-102.7 2.6-132.1-9c-19.6-7.8-34.7-22.9-42.6-42.6-11.7-29.5-9-99.5-9-132.1s-2.6-102.7 9-132.1c7.8-19.6 22.9-34.7 42.6-42.6 29.5-11.7 99.5-9 132.1-9s102.7-2.6 132.1 9c19.6 7.8 34.7 22.9 42.6 42.6 11.7 29.5 9 99.5 9 132.1s2.7 102.7-9 132.1z\"><\/path><\/svg>\t\t\t\t\t<\/a>\n\t\t\t\t<\/span>\n\t\t\t\t\t\t\t<span class=\"elementor-grid-item\">\n\t\t\t\t\t<a class=\"elementor-icon elementor-social-icon elementor-social-icon-linkedin elementor-repeater-item-b6ddf9e\" href=\"https:\/\/www.linkedin.com\/in\/val\u00e9rie-legros-aa878436a\/\" target=\"_blank\">\n\t\t\t\t\t\t<span class=\"elementor-screen-only\">Linkedin<\/span>\n\t\t\t\t\t\t<svg class=\"e-font-icon-svg e-fab-linkedin\" viewBox=\"0 0 448 512\" xmlns=\"http:\/\/www.w3.org\/2000\/svg\"><path d=\"M416 32H31.9C14.3 32 0 46.5 0 64.3v383.4C0 465.5 14.3 480 31.9 480H416c17.6 0 32-14.5 32-32.3V64.3c0-17.8-14.4-32.3-32-32.3zM135.4 416H69V202.2h66.5V416zm-33.2-243c-21.3 0-38.5-17.3-38.5-38.5S80.9 96 102.2 96c21.2 0 38.5 17.3 38.5 38.5 0 21.3-17.2 38.5-38.5 38.5zm282.1 243h-66.4V312c0-24.8-.5-56.7-34.5-56.7-34.6 0-39.9 27-39.9 54.9V416h-66.4V202.2h63.7v29.2h.9c8.9-16.8 30.6-34.5 62.9-34.5 67.2 0 79.7 44.3 79.7 101.9V416z\"><\/path><\/svg>\t\t\t\t\t<\/a>\n\t\t\t\t<\/span>\n\t\t\t\t\t<\/div>\n\t\t\t\t\t\t<\/div>\n\t\t\t\t<\/div>\n\t\t\t\t<\/div>\n\t\t\t\t\t<\/div>\n\t\t\t\t<\/div>\n\t\t\t\t<\/div>\n\t\t","protected":false},"excerpt":{"rendered":"<p>Agir avec Nous Comment nous aider ? DEVENIR B\u00c9N\u00c9VOLE Vous souhaitez rejoindre Vivre Ensemble Chez Nous et agir \u00e0 nos c\u00f4t\u00e9s ? Si vous avez envie de vous engager pour cr\u00e9er du lien, soutenir les personnes isol\u00e9es et participer \u00e0 nos actions locales, il vous suffit de remplir notre formulaire d\u2019adh\u00e9sion. En tant que b\u00e9n\u00e9vole, [&hellip;]<\/p>\n","protected":false},"author":3,"featured_media":0,"parent":0,"menu_order":0,"comment_status":"closed","ping_status":"closed","template":"elementor_header_footer","meta":{"footnotes":""},"class_list":["post-817","page","type-page","status-publish","hentry"],"_links":{"self":[{"href":"https:\/\/vivreensemblecheznous.fr\/index.php\/wp-json\/wp\/v2\/pages\/817","targetHints":{"allow":["GET"]}}],"collection":[{"href":"https:\/\/vivreensemblecheznous.fr\/index.php\/wp-json\/wp\/v2\/pages"}],"about":[{"href":"https:\/\/vivreensemblecheznous.fr\/index.php\/wp-json\/wp\/v2\/types\/page"}],"author":[{"embeddable":true,"href":"https:\/\/vivreensemblecheznous.fr\/index.php\/wp-json\/wp\/v2\/users\/3"}],"replies":[{"embeddable":true,"href":"https:\/\/vivreensemblecheznous.fr\/index.php\/wp-json\/wp\/v2\/comments?post=817"}],"version-history":[{"count":10,"href":"https:\/\/vivreensemblecheznous.fr\/index.php\/wp-json\/wp\/v2\/pages\/817\/revisions"}],"predecessor-version":[{"id":904,"href":"https:\/\/vivreensemblecheznous.fr\/index.php\/wp-json\/wp\/v2\/pages\/817\/revisions\/904"}],"wp:attachment":[{"href":"https:\/\/vivreensemblecheznous.fr\/index.php\/wp-json\/wp\/v2\/media?parent=817"}],"curies":[{"name":"wp","href":"https:\/\/api.w.org\/{rel}","templated":true}]}}